osite number?
False
Is 3748913167 a composite number?
False
Is 3520092571 composite?
False
Is 767218091 composite?
False
Is 400908983 prime?
True
Is 28720381762 composite?
True
Is 59553563 a prime number?
False
Is 53090075611 composite?
True
Is 782769523 prime?
True
Is 47657642401 composite?
True
Is 276156341 composite?
True
Is 600878269 prime?
True
Is 56440830203 composite?
True
Is 479070433 a prime number?
True
Is 202194983 a prime number?
True
Is 2619469421 composite?
False
Is 61725022211 composite?
False
Is 111433418435 a prime number?
False
Is 888100559 a prime number?
True
Is 2051781947 a prime number?
False
Is 36408663199 a composite number?
False
Is 268292279 composite?
False
Is 19713545101 prime?
True
Is 17140801789 a composite number?
False
Is 3391263761 a prime number?
False
Is 4596300521 a composite number?
False
Is 182343389 a composite number?
False
Is 5337396983 a prime number?
False
Is 3406494809 a composite number?
False
Is 2545839587 a prime number?
False
Is 16923164581 a prime number?
False
Is 295648817 a composite number?
True
Is 3349350677 a composite number?
False
Is 161252893 composite?
True
Is 3275744461 a composite number?
True
Is 43518111709 prime?
False
Is 1826384771 prime?
True
Is 11500966717 composite?
True
Is 2640109345 a composite number?
True
Is 5565743 a prime number?
True
Is 58768777 a prime number?
False
Is 15276742267 a composite number?
False
Is 61438093901 prime?
False
Is 2420507 a prime number?
False
Is 1965164441 composite?
False
Is 13653652589 a prime number?
True
Is 60108550441 composite?
False
Is 14012056159 composite?
True
Is 87263256595 prime?
False
Is 25637544035 a prime number?
False
Is 121006099 a prime number?
True
Is 867450383 a prime number?
False
Is 5448938491 a composite number?
False
Is 5077802167 composite?
True
Is 478611323 composite?
False
Is 3318991693 a composite number?
True
Is 3465742317 composite?
True
Is 708263474 composite?
True
Is 163171814515 composite?
True
Is 147418351 prime?
True
Is 16063030691 a composite number?
False
Is 2054431121 composite?
True
Is 11210129 prime?
False
Is 125188796621 a composite number?
True
Is 9646738991 a prime number?
False
Is 65787087299 a composite number?
False
Is 610946771 composite?
True
Is 7152462857 prime?
True
Is 12879262417 composite?
True
Is 270692413 composite?
True
Is 9870509773 prime?
False
Is 3889629277 composite?
False
Is 236667491 composite?
False
Is 3853186327 prime?
False
Is 25291615681 composite?
False
Is 4891012157 composite?
False
Is 1835549783 composite?
True
Is 4386229 prime?
True
Is 4480729431 a composite number?
True
Is 4965969607 composite?
False
Is 25273084651 composite?
False
Is 1249816657 composite?
True
Is 1061971397 a prime number?
True
Is 159898069 a prime number?
True
Is 878909617 a prime number?
True
Is 993636301 composite?
True
Is 1028457709 prime?
True
Is 6255201938 composite?
True
Is 389517563 a composite number?
True
Is 41225321917 prime?
False
Is 3307371377 a composite number?
True
Is 1936127 composite?
True
Is 21002437781 a prime number?
False
Is 17204985907 a composite number?
True
Is 120068951357 prime?
True
Is 11678875843 prime?
True
Is 688370183 prime?
True
Is 176853244387 a prime number?
True
Is 25335530861 a composite number?
False
Is 8700004441 composite?
True
Is 104035185959 prime?
True
Is 1995547109 a composite number?
False
Is 16784218331 prime?
False
Is 1190794873 a prime number?
True
Is 5974982953 a prime number?
False
Is 188913521 a prime number?
True
Is 11299860613 a composite number?
False
Is 239555881 prime?
False
Is 132732336953 a prime number?
True
Is 46676421959 prime?
True
Is 18654391043 composite?
True
Is 217991702615 a composite number?
True
Is 252972287 composite?
True
Is 4938926341 prime?
True
Is 133831356479 composite?
False
Is 12043779211 composite?
False
Is 8404155439 a prime number?
True
Is 2837169721 composite?
True
Is 14494068119 a prime number?
True
Is 2318429557 a composite number?
True
Is 1329953761 composite?
True
Is 16536855697 composite?
False
Is 248184901 a prime number?
False
Is 5483896293 a prime number?
False
Is 31211641 a prime number?
True
Is 2911228729 a composite number?
False
Is 10646404117 a prime number?
True
Is 381341231 a prime number?
True
Is 37433154477 a composite number?
True
Is 42869379921 a prime number?
False
Is 11184416653 prime?
True
Is 2387092727 prime?
True
Is 42428963531 a prime number?
False
Is 2996516399 a composite number?
False
Is 14220263389 a prime number?
True
Is 16081249409 a composite number?
True
Is 19271340757 a prime number?
True
Is 7479336013 composite?
True
Is 221015693 prime?
False
Is 252416863 a prime number?
False
Is 46567639019 a prime number?
False
Is 79534111 a composite number?
False
Is 1375217365 prime?
False
Is 32267958511 a prime number?
True
Is 2327753303 composite?
False
Is 312197299 a prime number?
False
Is 13158225907 a prime number?
True
Is 87097213451 prime?
True
Is 759414169 composite?
True
Is 15133813649 composite?
True
Is 28432340605 composite?
True
Is 2416958771 prime?
True
Is 86334875771 a prime number?
True
Is 127066510499 a prime number?
True
Is 144704587 prime?
False
Is 368088673 prime?
True
Is 94889911 composite?
False
Is 829076107 a prime number?
False
Is 4352288173 a prime number?
False
Is 14240456687 a prime number?
True
Is 1710453683 a composite number?
True
Is 3321567841 a prime number?
True
Is 27962997529 prime?
True
Is 17476227319 a prime number?
True
Is 448220291 a prime number?
False
Is 310178369 prime?
True
Is 49064949907 composite?
True
Is 1770823643 composite?
False
Is 68739703 prime?
False
Is 688994063 prime?
True
Is 1731986029 a prime number?
False
Is 430279337 a prime number?
True
Is 1085116321 prime?
False
Is 2000282087 a prime number?
True
Is 27170611189 a composite number?
True
Is 103655307761 prime?
True
Is 1854452227 prime?
False
Is 44888027627 composite?
False
Is 2462293097 a composite number?
True
Is 15609394361 composite?
True
Is 5389807249 a prime number?
True
Is 161654213 a prime number?
False
Is 16090319699 a composite number?
False
Is 1008350186 composite?
True
Is 1170516367 a composite number?
False
Is 42764181341 a prime number?
False
Is 1439437123 composite?
True
Is 2453767663 prime?
True
Is 101892677 a composite number?
False
Is 1707959221 prime?
True
Is 2769387809 a prime number?
True
Is 76455988993 composite?
False
Is 15413714993 a composite number?
False
Is 8361804547 a composite number?
True
Is 259797181 prime?
False
Is 4603695527 a prime number?
False
Is 3500417933 composite?
False
Is 36632694617 a composite number?
False
Is 1609874149 composite?
True
Is 11427110213 composite?
False
Is 357187619 composite?
False
Is 885132329 composite?
False
Is 1760306309 prime?
False
Is 10160470111 composite?
True
Is 452536337 a composite number?
True
Is 264717157 a prime number?
False
Is 8192867257 a composite number?
False
Is 3438366193 a composite number?
True
Is 6004476791 a prime number?
True
Is 7858857043 composite?
True
Is 2125688207 composite?
False
Is 3577651351 prime?
True
Is 10999392121 prime?
True
Is 476663413 prime?
True
Is 6026656637 a prime number?
True
Is 5953226771 a prime number?
False
Is 647343089 a prime number?
True
Is 2143802189 composite?
True
Is 9629287841 a prime number?
False
Is 7001482343 composite?
False
Is 53940413 composite?
True
Is 16971842987 prime?
False
Is 28129025579 prime?
True
Is 103885232631 a prime number?
False
Is 1020681874 a prime number?
False
Is 15612879541 a prime number?
False
Is 831144461 prime?
False
Is 62091977 prime?
False
Is 157614383 prime?
True
Is 1456112923 a composite number?
True
Is 298322915973 a composite number?
True
Is 613920803 a composite number?
False
Is 3221232517 a composite number?
False
Is 114586091 a composite number?
True
Is 3330952513 prime?
False
Is 2117057903 a composite number?
False
Is 9245275547 a composite number?
True
Is 26185065103 a composite number?
False
Is 373667261 prime?
False
Is 318065467 a composite number?
False
Is 427115833 composite?
False
Is 81066926827 a prime number?
True
Is 2754962597 composite?
False
Is 7233029533 a prime number?
True
Is 2037541673 a prime number?
True
Is 7777931509 a composite number?
True
Is 6913491647 a composite number?
False
Is 56083689703 composite?
False
Is 46514102779 a p